 What is the tens digit of y?
5
Suppose -8 = -a + 5*v, 4*a = 3*a + 2*v + 5. Let u be 1 + a + -2 + 105. Suppose 0 = -4*o - 3 + u. What is the units digit of o?
6
Let v(q) = -21*q + 8. What is the hundreds digit of v(-32)?
6
Suppose 12 = -0*n - n. Let f be n/5 + 2/5. What is the units digit of f*12/(-3 + -1)?
6
Let q(j) = -9*j**2 - j + 4. Let f be q(-2). What is the tens digit of (-651)/(-6) + (f/4)/(-5)?
1
Let g be 0 - (6 + -2) - -8. Let z be -1*g - (-20)/5. Suppose z*p - 3*p + 138 = 0. What is the units digit of p?
6
Let r = 177 - -2365. What is the tens digit of r?
4
Let b(h) = -21*h**3 - 1. Suppose 4*n - 13 = c, -5*c + 2*c - n + 13 = 0. Suppose 4*w - 9 = -4*y - 1, -2*w - c*y = -7. What is the tens digit of b(w)?
2
Suppose 2972 + 83 = p - 4*s, 4*p + 3*s - 12277 = 0. What is the tens digit of p?
6
Let a = -3 - -8. Suppose g - 4*y - 19 = 0, -4*y = a*g + 5 - 4. Suppose -2*k = g*w - 84, w = 3*w - 2*k - 66. What is the units digit of w?
0
Suppose 6 = -2*i, 2*m - 2*i = -117 + 473. Suppose -p - 98 = -3*o, 5*o - 7*p = -3*p + m. What is the tens digit of o?
3
What is the thousands digit of ((-1)/7 - (-349286)/98) + -4?
3
Let v(w) = -w**3 + 20*w**2 + 2*w + 16. What is the tens digit of v(11)?
2
Let s = -13 - -4. Let v be (1 + 15 + 3)*1. Let p = v + s. What is the units digit of p?
0
Suppose -8*w + 648 = -2*w. What is the units digit of w?
8
Let b(r) = -r**2 - 5*r - 1. Let l be b(-3). Suppose 0 = -4*k - 20, 2*z + k = l*k + 114. What is the units digit of z?
7
Let i(d) = -3*d**2 + 4. Let o(r) = -2*r**2 + 5. Let t(h) = -4*i(h) + 3*o(h). What is the tens digit of t(2)?
2
Suppose 0 = -12*f + 31*f - 38760. What is the thousands digit of f?
2
Suppose -17 = w - 8. Let p = w + 12. Suppose -2*c + 19 + p = 0. What is the units digit of c?
1
Suppose 4*c - 3*c = 4*w - 5, 10 = -2*c + 3*w. Let u = c - -24. Let o = u + 6. What is the units digit of o?
5
Suppose -3*i - 4 - 5 = 0. Let v(b) = 2*b**2 + b + 8. Let d(f) = 2*f**2 + 2*f + 7. Let n(l) = 4*d(l) - 3*v(l). What is the units digit of n(i)?
7
Suppose 9 = 2*m + 3. Suppose 3 = 3*c - 195. Suppose k = m*k - c. What is the tens digit of k?
3
Let g = -169 - 42. What is the units digit of g/(-4) + 24/(-32)?
2
Let c = 1040 - 487. What is the units digit of c?
3
Suppose 4*i + 52 = 4*l, -18 = -2*l + 5*i + 5. Let f be 6/(-21) - (-4)/l. Let x(k) = k**2 + 36. What is the units digit of x(f)?
6
Let t(c) = -c**3 - 24*c**2 - 42*c + 11. Let m be t(-22). Let p be ((-85)/(-2))/((-1)/(-2)). Let r = m + p. What is the units digit of r?
2
Let l(t) = -t**3 + 19*t**2 + t - 17. Let o be l(19). What is the units digit of (30/(-25))/((-2)/90) + o?
6
Suppose -5*y + 2090 = 5*k, 2*k + 0*y - 842 = 4*y. What is the units digit of k?
9
Let z(w) = 528*w**2 + 12*w + 14. What is the hundreds digit of z(-1)?
5
Suppose 0 = -t - t + 120. Suppose 0 = -3*z + z + t. What is the units digit of z?
0
Let f = -362 - -1208. What is the units digit of f?
6
Let c be (2/(-6))/(8/4008). Let l = -234 - c. Let a = 117 + l. What is the tens digit of a?
5
Let i(u) = -23*u**3 + 4*u**2 + 12*u - 1. What is the units digit of i(-3)?
0
Let w be -6 + (-2 - -1) + 2. Let a(j) = 0*j - 6*j + 5*j - 1. What is the units digit of a(w)?
4
Let u = -96 - -141. Let p = 7 - 5. Suppose -p*y = 3*r + 2*r - u, 3*y - 5*r = 55. What is the tens digit of y?
2
Let a = -3070 + 4312. What is the hundreds digit of a?
2
Suppose 0 = -182*l + 165*l + 42160. What is the thousands digit of l?
2
Let y(x) = -x**2 - x. Let m be y(-1). Suppose 10*u - 14*u + 660 = m. What is the units digit of u?
5
What is the units digit of 64770/45*8/(64/12)?
9
Let n(z) = -3 - 4*z + 10*z + 7*z**2 + z**3 - z. Let t be n(-6). Suppose -t*y - 2*y = -140. What is the tens digit of y?
2
Let y(p) = -p**3 + 5*p**2 + 5*p + 6. Let o be y(6). Suppose -5*v - 5 + 15 = 0. Suppose -5*t + 5*q - v*q + 26 = o, 20 = 3*t - 4*q. What is the units digit of t?
4
Let p(v) = -v**3 + 7*v**2 - v - 30. Let c be p(6). Let q be 8 - (-1 - -2)*1. Suppose 2*o - 10 = -2*x, -3*x + o - 6*o + q = c. What is the units digit of x?
9
Let u = 20 - 28. Let j be (4/u - -1)*688. What is the tens digit of j/12 - 4/6?
2
Let z(f) be the third derivative of 3*f**4/8 + 9*f**2. What is the units digit of z(1)?
9
Suppose 4*y - 1804 = -g + 4041, 0 = -5*g - 15. What is the hundreds digit of y?
4
Suppose 2*t + 3 - 33 = 0. Let m be 1335/t - 6/2. What is the units digit of m/18 + 8/36?
5
Suppose 0 = -2*c + 2*j + 2768, 4140 = 3*c - 2*j - 4*j. What is the hundreds digit of c?
3
Let g(d) be the second derivative of d**4/4 + d**3/6 - d**2 - 7*d. What is the tens digit of g(3)?
2
Suppose -195 = v + 2*v. Let i = 91 + v. What is the tens digit of i?
2
Let z be ((-4)/6)/(18/27)*-4. What is the units digit of (z/(-3))/((-8)/588)?
8
Suppose -v + 2 = 2*v - 5*m, v = -4*m - 22. Let k be 17/102 + 34/12. What is the units digit of 4/k - 4/v?
2
Let l(p) = -p**3 + 13*p**2 - 13*p + 18. Let s be l(12). What is the units digit of (-516)/10*(-10 + s + -1)?
8
Suppose -r + 2*f = -346, -18*f = -4*r - 16*f + 1402. What is the units digit of r?
2
Suppose 4*t = -t + 15. Suppose 5*d + k - 760 = 0, -t*k + 479 = 3*d - 7*k. What is the tens digit of d?
5
Suppose -1201 = -5*w + 879. What is the tens digit of w?
1
Let a(q) = -q**2 + q + 1. Let t(f) = 2*f**2 - 16*f + 4. Let z(c) = 3*a(c) + t(c). Let n be z(-13). What is the units digit of (-3)/((2 + -3)/n)?
1
Let d(n) = 2*n**3 + 100*n**2 + 75*n - 91. What is the units digit of d(-49)?
6
Suppose 0 = 12*f - 26*f + 24724. What is the tens digit of f?
6
Let o(g) = 54*g**2 + 6*g + 23. What is the units digit of o(-5)?
3
What is the tens digit of (-990)/(-2) - (-8 - -4)?
9
Let x be ((-234)/(-27) - 3) + (-2)/(-6). Let h(d) = -d**2 + d + 40. Let z be h(0). Suppose -v + x*v + q - z = 0, 0 = -4*q. What is the units digit of v?
8
Let k(s) = s**3 + 10*s**2 + 9*s - 8. Let n be k(-8). Suppose -2*z + 140 = z + 5*v, 0 = -z - 2*v + n. What is the units digit of z?
0
Suppose 0*m = 5*m - 20. Suppose 3*v + 4 = -4*r, 0 = -4*r - 2 - 2. What is the units digit of (v - (-2 + m))*-2?
4
Let b be 147 + 2/2 - 0. Let d be 0/((-4)/(-4) + (-1 - -2)). Suppose d = -5*n + 87 + b. What is the units digit of n?
7
Let s(c) = -c**2 - 158*c - 15. What is the thousands digit of s(-12)?
1
Let o(z) = z**3 + 7*z**2 - 19*z - 12. Let p be o(-9). What is the tens digit of (42 - -2) + 1 + p + 1?
4
Let h(x) be the third derivative of x**6/120 + x**5/10 - 7*x**4/24 - x**3/2 + 7*x**2. Let k be h(-7). What is the units digit of ((-1)/k)/(1/15)?
5
Let v(f) = 0*f - 3*f + 2*f + 1 + 11*f**2. Let o be v(1). Suppose 3*p - o - 61 = 0. What is the tens digit of p?
2
Suppose -j + 75 = -5*t - 60, -477 = -4*j - t. What is the units digit of j?
0
Let v = 3 + 2. Suppose -57 = -4*i - v*k, -4*i - i - 4*k + 78 = 0. Suppose -2*s = s - i. What is the units digit of s?
6
Let l(s) = s**3 + 18*s**2 + 12. Let d be l(-18). Suppose 4*q - 16 = -5*h, -2*h + q + 3*q = -d. Suppose 120 = h*g - 0*g. What is the units digit of g?
0
Let r(x) = -x**3 + 18*x**2 - 15*x + 36. What is the units digit of r(16)?
8
Suppose 4 - 46 = -h. Let g = -16 + h. What is the units digit of g?
6
Let g = 1432 - 878. What is the hundreds digit of g?
5
Suppose -4*c = 3*h + 69, 0 = -0*c - 3*c + 3*h - 57. Let p = c + 193. What is the tens digit of p?
7
Let v(q) = q**2 - 11*q - 48. Let g be v(15). Suppose -2*s + 2*o + 94 = 0, -5*o + o = g. What is the units digit of s?
4
Let o(y) = 8*y - 3. Let z(h) = -3*h**2 - 3*h + 3. Let i be z(-3). Let l = -11 - i. What is the tens digit of o(l)?
2
Let l be 394 + 30/(-10) + 8/2. Suppose 4*a + a = l. What is the tens digit of a?
7
Let m = 10 + -12. Let g = m - -8. What is the tens digit of (33/(-2))/(g/(-8))?
2
Let q(d) = d**2 - 4*d + 8. Let j be q(6). Suppose k - 3*k - 4 = 0. What is the units digit of ((-1)/k)/(5/j)?
2
Let n(d) = -12*d + 103. What is the tens digit of n(4)?
5
Let g(u) = -u**3 - 19*u**2 - 19*u - 23. Let k be g(-18). What is the tens digit of (366/(-20) + (-9)/18)*k?
9
Suppose -50 = -6*t + 4*t. Suppose -t = 5*l - 40. Suppose a + l*s = -3*a + 233, -2*a + 3*s = -121. What is the units digit of a?
9
Let b(t) be the second derivative of 3*t**5/20 - t**4/6 - 2*t**3/3 + 3*t**2/2 - 17*t. What is the units digit of b(3)?
4
Let a(z) = 5*z**2 + 15*z + 55. What is the hundreds digit of a(11)?
8
Let f be (-2)/(-9) + 1456